ive n(27).
-6
Let q(h) = -h**3 + 22*h**2 - 141*h + 2518. Calculate q(21).
-2
Let b(f) = -40*f - 1272. Give b(-31).
-32
Let v(f) = -8*f**2 + 78*f - 76. Calculate v(1).
-6
Let g(r) = -126*r - 2258. Give g(-18).
10
Let i(l) = -9*l**2 + 4*l + 226. What is i(-5)?
-19
Let o(x) = -x**3 - 28*x**2 - 50*x + 57. Calculate o(-26).
5
Let n(y) = 3*y**2 - 41. Determine n(8).
151
Let x(i) = 11*i**2 + 1235*i + 338. Give x(-112).
2
Let t(l) = l**3 + 2*l**2 - 117*l - 147. Determine t(-11).
51
Let n(p) = -4*p**2 + 62*p - 172. Determine n(12).
-4
Let v(p) = 12786*p - 255715. What is v(20)?
5
Let p(n) = -9*n + 567. Give p(71).
-72
Let h(i) = -63*i**2 - 8129*i - 259. What is h(-129)?
-1
Let o(d) = -5*d**2 + 167*d - 67. Calculate o(33).
-1
Let q(w) = 12*w + 112. What is q(-9)?
4
Let x(g) = 122*g + 366. What is x(-3)?
0
Let j(d) = 114*d + 1069. Determine j(-9).
43
Let r(t) = 1450*t + 23205. Calculate r(-16).
5
Let j(a) = -297*a + 1268. Calculate j(4).
80
Let u(m) = -60*m - 1206. What is u(-25)?
294
Let c(s) = s**2 + 3*s - 146. What is c(8)?
-58
Let r(u) = u**2 + 10*u + 27. What is r(-17)?
146
Let x(l) = -323*l + 975. Give x(3).
6
Let z(y) = -y**2 + 1219*y - 9691. Give z(8).
-3
Let g(r) = -34*r + 1076. Calculate g(35).
-114
Let p(w) = -w**3 - 60*w**2 + 258*w - 206. Give p(3).
1
Let m(z) = -20*z**2 - 858*z + 969. Give m(-44).
1
Let a(l) = 8*l + 526. Give a(-76).
-82
Let v(x) = -67*x - 2877. Determine v(-43).
4
Let m(c) = 256*c + 1054. What is m(-4)?
30
Let c(n) = -62*n - 6. Determine c(1).
-68
Let x(y) = 463*y - 2326. What is x(5)?
-11
Let u(f) = -219*f + 4819. Give u(22).
1
Let q(t) = 153*t - 748. Determine q(6).
170
Let h(v) = 3*v**2 - 113*v - 10. What is h(36)?
-190
Let h(i) = 2*i**2 + 67*i - 48. Determine h(-34).
-14
Let i(t) = 20*t - 91. Give i(5).
9
Let a(r) = 21*r**3 + r**2 - 6*r - 6. What is a(-1)?
-20
Let j(c) = -2*c**2 + 46*c - 1. Determine j(20).
119
Let c(y) = -16653*y + 149875. Determine c(9).
-2
Let a(o) = 8*o + 37. What is a(-5)?
-3
Let m(r) = -157*r + 1166. Calculate m(7).
67
Let t(r) = -r**3 + 198*r**2 + 1227*r + 12. Determine t(-6).
-6
Let c(s) = -10*s + 66. Determine c(8).
-14
Let p(i) = i**3 + 5*i**2 - 26*i - 124. What is p(-6)?
-4
Let m(i) = i**3 - 2*i**2 - 44*i - 3. Give m(-6).
-27
Let n(c) = -10*c**3 + 4*c**2 - 3*c + 10. Calculate n(0).
10
Let r(c) = -133*c - 787. Calculate r(-8).
277
Let u(n) = -2522*n + 2589. Give u(1).
67
Let t(w) = 221*w**2 - 151*w + 151. What is t(1)?
221
Let c(y) = -71*y**3 - 640*y**2 - 8*y + 21. What is c(-9)?
12
Let j(q) = q**2 + 95*q + 2207. Determine j(-46).
-47
Let u(m) = -m**3 - 45*m**2 + 49*m + 139. What is u(-46)?
1
Let u(p) = p**3 - 2*p**2 - 6*p - 13. Give u(4).
-5
Let k(m) = -m**2 - 71*m - 460. What is k(-64)?
-12
Let f(v) = v**3 + 9*v**2 + 37*v + 28. Give f(-1).
-1
Let t(g) = -62*g - 6094. Calculate t(-98).
-18
Let b(y) = 678*y**2 + 29*y - 29. Calculate b(1).
678
Let k(h) = -24*h**2 - 19*h + 46. Calculate k(2).
-88
Let m(a) = 10371*a - 134825. Calculate m(13).
-2
Let b(d) = -9264*d - 176021. Calculate b(-19).
-5
Let j(m) = -11*m + 124. Calculate j(12).
-8
Let f(u) = 6*u**2 - 913*u + 139. Calculate f(152).
-13
Let n(y) = -y**3 - 2*y**2 + 10*y + 22. Calculate n(0).
22
Let c(a) = a**3 - 39*a**2 + 17*a - 648. Give c(39).
15
Let f(c) = 2086*c - 8340. Calculate f(4).
4
Let k(t) = -2*t**2 + 82*t + 389. Calculate k(44).
125
Let o(q) = 2*q**2 - 231*q + 5893. Calculate o(38).
3
Let q(l) = 82*l + 651. Calculate q(-8).
-5
Let h(p) = 3*p**3 - 4*p**2 + 11*p - 16. What is h(2)?
14
Let w(h) = 3*h**2 - 19*h - 16. Give w(-1).
6
Let p(z) = 34*z**2 + 3*z - 7. Determine p(3).
308
Let k(q) = -3*q**2 + 269*q - 1201. Calculate k(85).
-11
Let t(g) = -529*g - 1505. Determine t(-3).
82
Let y(i) = -29*i - 528. What is y(-19)?
23
Let r(c) = -104*c - 525. Determine r(-7).
203
Let x(m) = m**3 - 7*m**2 + 15*m - 21. Calculate x(6).
33
Let h(m) = -6*m**2 - 1271*m + 5108. Determine h(4).
-72
Let s(w) = w**3 + 36*w**2 + 157*w + 881. Calculate s(-32).
-47
Let k(h) = -174*h**2 - 705*h - 43. Give k(-4).
-7
Let y(x) = 711*x - 2135. Calculate y(3).
-2
Let y(z) = z**2 - 13*z + 10. Determine y(15).
40
Let x(d) = 396*d - 60. Give x(-1).
-456
Let p(a) = a**2 + 71*a - 2278. Determine p(24).
2
Let h(c) = 160*c - 4665. Calculate h(29).
-25
Let x(r) = -r**3 + 70*r**2 + 148*r + 31. Calculate x(72).
319
Let p(w) = -4*w**2 - 67*w - 22. Determine p(-18).
-112
Let g(c) = -6*c - 159. Calculate g(-28).
9
Let h(m) = m**3 + 7*m**2 - 8887*m - 62208. Determine h(-7).
1
Let s(x) = -143*x + 2273. What is s(16)?
-15
Let d(p) = 2*p**2 + 29*p + 86. What is d(-3)?
17
Let f(l) = -7*l**3 - 61*l**2 - 22*l + 3. Calculate f(-9).
363
Let u(p) = -876*p - 23656. Calculate u(-27).
-4
Let o(p) = -p**3 - 203*p**2 - 600*p - 3. Give o(-200).
-3
Let h(t) = -13999*t - 69999. Calculate h(-5).
-4
Let v(y) = -y**3 + 11*y**2 - 8*y - 14. Give v(7).
126
Let q(r) = 53*r**2 + 121*r + 10. Determine q(-3).
124
Let q(p) = -2*p**3 - 41*p**2 - 57*p - 39. What is q(-19)?
-39
Let j(a) = -a**3 - 2*a - 115. Calculate j(0).
-115
Let n(h) = -25*h**2 + 10*h + 11. What is n(-1)?
-24
Let s(h) = 103*h + 6083. What is s(-59)?
6
Let q(a) = -147*a - 192. Calculate q(-3).
249
Let u(n) = -1459*n + 10213. What is u(7)?
0
Let w(p) = 132*p - 620. Give w(7).
304
Let k(n) = 2*n**3 + 18*n**2 + 23*n - 18. Determine k(-9).
-225
Let n(w) = w**3 + 16*w**2 - 59*w - 31. Determine n(-19).
7
Let b(j) = -96*j - 12287. Calculate b(-128).
1
Let y(q) = q**3 - 3*q**2 + 214*q + 4. Determine y(0).
4
Let q(f) = 563*f - 958. Calculate q(2).
168
Let w(l) = -l**3 - 23*l**2 + 72*l - 220. Calculate w(-26).
-64
Let q(i) = -i**3 + 2*i**2 + 163*i + 668. What is q(-8)?
4
Let l(n) = n**3 + 60*n**2 - 125*n - 57. What is l(-62)?
5
Let m(w) = w**3 + 19*w**2 - 243*w - 74. Give m(9).
7
Let i(h) = -2*h**2 + 275*h - 1074. Determine i(4).
-6
Let m(r) = -r**3 - 57*r**2 + 3*r + 267. What is m(-57)?
96
Let u(z) = 45*z**2 - 19*z + 2. What is u(1)?
28
Let c(q) = q**2 + 38*q + 2. Calculate c(-42).
170
Let u(y) = 229*y - 227. What is u(1)?
2
Let f(w) = 6*w**2 - 267*w - 91. Give f(45).
44
Let x(c) = 42*c - 749. What is x(19)?
49
Let y(w) = -5*w**2 - 128*w + 194. What is y(-27)?
5
Let v(p) = -p**3 + 67*p**2 + 414*p - 3900. Give v(72).
-12
Let n(j) = 141*j**2 + 564*j + 3. Determine n(-4).
3
Let d(m) = m**3 - 13*m**2 - 16*m - 88. Calculate d(13).
-296
Let r(h) = 135*h + 1169. Determine r(-9).
-46
Let b(m) = -m**3 - 397*m**2 + 6181*m - 7. Calculate b(15).
8
Let l(n) = 9*n**2 - 62*n - 61. Determine l(-1).
10
Let g(v) = -164*v + 167. What is g(0)?
167
Let b(q) = -2*q**2 + 117*q - 214. Calculate b(61).
-519
Let c(w) = -5*w**2 + 416*w - 45. Determine c(83).
38
Let q(f) = f**2 + 15*f + 36. What is q(-20)?
136
Let k(g) = -g**3 - 5*g**2 + 6*g - 26. Calculate k(-6).
-26
Let u(i) = -i**3 + 11*i**2 + 22*i - 25. Give u(9).
335
Let l(t) = -6*t**3 - 7*t**2 + 13*t - 6. What is l(1)?
-6
Let u(n) = n**3 - 41*n**2 + 30*n + 364. Determine u(40).
-36
Let h(n) = 819*n + 14845. Calculate h(-18).
103
Let s(n) = -3*n**3 - 110*n**2 + 31*n + 58. Calculate s(-37).
280
Let a(l) = -l**3 - 6*l**2 - 496*l - 2460. Calculate a(-5).
-5
Let j(u) = 579*u + 41696. Give j(-72).
8
Let l(w) = 31*w - 157. Calculate l(5).
-2
Let r(f) = -112*f - 409. What is r(-5)?
151
Let s(j) = 13*j**2 - 151*j + 42. Determine s(11).
-46
Let f(d) = 14*d + 465. What is f(-29)?
59
Let q(x) = -9*x**2 + 468*x - 12. Give q(52).
-12
Let o(m) = -m**3 - 19*m**2 - 11*m + 3. Give o(-17).
-388
Let c(t) = 827*t - 14880. Determine c(18).
6
Let i(v) = -2*v**3 - 2*v**2 + 4*v + 5. Give i(-3).
29
Let d(w) = -384*w - 34567. Give d(-90).
-7
Let c(y) = y**2 - 19*y - 164. Give c(29).
126
Let d(q) = -q**2 - 346*q + 1398. Determine d(4).
-2
Let x(k) = -146*k + 722. Calculate x(5).
-8
Let i(d) = -d**2 + 7*d + 273. Determine i(23).
-95
Let t(z) = -z**2 + 16*z - 22. Calculate t(7).
41
Let y(i) = i**2 + 199*i - 20. Give y(0).
-20
Let j(q) = -q**3 - 10*q**2 + 10*q + 7. Calculate j(-12).
175
Let t(z) = -z**3 + 34*z**2 - 93*z + 18. What is t(31)?
18
Let n(v) = v**2 + 32*v + 205. What is n(-6)?
49
Let b(z) = 2*z**3 + 302*z**2 - 6459*z + 172. What is b(-170)?
2
Let v(q) = q**3 + 67*q**2 + 66*q - 45. Determine v(-66).
-45
Let j(i) = -3*i**2 - 129*i - 13. What is j(-44)?
-145
Let c(d) = 2*d**3 + 27*d**2 - 18*d - 12. What is c(-14)?
44
Let f(y) = y**2 + 34*y